{"id":9948,"date":"2025-03-21T07:47:03","date_gmt":"2025-03-21T06:47:03","guid":{"rendered":"https:\/\/www.malkowski.pl\/?post_type=aktualnosci&#038;p=9948"},"modified":"2025-03-21T07:47:03","modified_gmt":"2025-03-21T06:47:03","slug":"sicherheit-in-der-planung-d-h-abende-mit-architekten-2025","status":"publish","type":"aktualnosci","link":"https:\/\/www.malkowski.pl\/de\/aktualitaten\/sicherheit-in-der-planung-d-h-abende-mit-architekten-2025\/","title":{"rendered":"Sicherheit in der Planung, d.h. Abende mit Architekten 2025!"},"template":"","acf":[],"yoast_head":"<!-- This site is optimized with the Yoast SEO plugin v21.7 - https:\/\/yoast.com\/wordpress\/plugins\/seo\/ -->\n<title>Sicherheit in der Planung, d.h. Abende mit Architekten 2025! - Ma\u0142kowski - Martech<\/title>\n<meta name=\"robots\" content=\"index, follow, max-snippet:-1, max-image-preview:large, max-video-preview:-1\" \/>\n<link rel=\"canonical\" href=\"https:\/\/www.malkowski.pl\/de\/aktualitaten\/sicherheit-in-der-planung-d-h-abende-mit-architekten-2025\/\" \/>\n<meta property=\"og:locale\" content=\"de_DE\" \/>\n<meta property=\"og:type\" content=\"article\" \/>\n<meta property=\"og:title\" content=\"Sicherheit in der Planung, d.h. Abende mit Architekten 2025! - Ma\u0142kowski - Martech\" \/>\n<meta property=\"og:url\" content=\"https:\/\/www.malkowski.pl\/de\/aktualitaten\/sicherheit-in-der-planung-d-h-abende-mit-architekten-2025\/\" \/>\n<meta property=\"og:site_name\" content=\"Ma\u0142kowski - Martech\" \/>\n<meta name=\"twitter:card\" content=\"summary_large_image\" \/>\n<script type=\"application\/ld+json\" class=\"yoast-schema-graph\">{\"@context\":\"https:\/\/schema.org\",\"@graph\":[{\"@type\":\"WebPage\",\"@id\":\"https:\/\/www.malkowski.pl\/de\/aktualitaten\/sicherheit-in-der-planung-d-h-abende-mit-architekten-2025\/\",\"url\":\"https:\/\/www.malkowski.pl\/de\/aktualitaten\/sicherheit-in-der-planung-d-h-abende-mit-architekten-2025\/\",\"name\":\"Sicherheit in der Planung, d.h. Abende mit Architekten 2025! - Ma\u0142kowski - Martech\",\"isPartOf\":{\"@id\":\"https:\/\/www.malkowski.pl\/#website\"},\"datePublished\":\"2025-03-21T06:47:03+00:00\",\"dateModified\":\"2025-03-21T06:47:03+00:00\",\"breadcrumb\":{\"@id\":\"https:\/\/www.malkowski.pl\/de\/aktualitaten\/sicherheit-in-der-planung-d-h-abende-mit-architekten-2025\/#breadcrumb\"},\"inLanguage\":\"de\",\"potentialAction\":[{\"@type\":\"ReadAction\",\"target\":[\"https:\/\/www.malkowski.pl\/de\/aktualitaten\/sicherheit-in-der-planung-d-h-abende-mit-architekten-2025\/\"]}]},{\"@type\":\"BreadcrumbList\",\"@id\":\"https:\/\/www.malkowski.pl\/de\/aktualitaten\/sicherheit-in-der-planung-d-h-abende-mit-architekten-2025\/#breadcrumb\",\"itemListElement\":[{\"@type\":\"ListItem\",\"position\":1,\"name\":\"Strona g\u0142\u00f3wna\",\"item\":\"https:\/\/www.malkowski.pl\/de\/\"},{\"@type\":\"ListItem\",\"position\":2,\"name\":\"Aktualno\u015bci\",\"item\":\"https:\/\/www.malkowski.pl\/aktualnosci\/\"},{\"@type\":\"ListItem\",\"position\":3,\"name\":\"Sicherheit in der Planung, d.h. Abende mit Architekten 2025!\"}]},{\"@type\":\"WebSite\",\"@id\":\"https:\/\/www.malkowski.pl\/#website\",\"url\":\"https:\/\/www.malkowski.pl\/\",\"name\":\"Ma\u0142kowski - Martech\",\"description\":\"MM jest producentem bram przeciwpo\u017carowych, stanowi\u0105cych g\u0142\u00f3wny pasywny element zabezpiecze\u0144 przeciwpo\u017carowych w wielu budynkach u\u017cyteczno\u015bci publicznej i wielkogabarytowych.\",\"potentialAction\":[{\"@type\":\"SearchAction\",\"target\":{\"@type\":\"EntryPoint\",\"urlTemplate\":\"https:\/\/www.malkowski.pl\/?s={search_term_string}\"},\"query-input\":\"required name=search_term_string\"}],\"inLanguage\":\"de\"}]}<\/script>\n<!-- \/ Yoast SEO plugin. -->","yoast_head_json":{"title":"Sicherheit in der Planung, d.h. Abende mit Architekten 2025! - Ma\u0142kowski - Martech","robots":{"index":"index","follow":"follow","max-snippet":"max-snippet:-1","max-image-preview":"max-image-preview:large","max-video-preview":"max-video-preview:-1"},"canonical":"https:\/\/www.malkowski.pl\/de\/aktualitaten\/sicherheit-in-der-planung-d-h-abende-mit-architekten-2025\/","og_locale":"de_DE","og_type":"article","og_title":"Sicherheit in der Planung, d.h. Abende mit Architekten 2025! - Ma\u0142kowski - Martech","og_url":"https:\/\/www.malkowski.pl\/de\/aktualitaten\/sicherheit-in-der-planung-d-h-abende-mit-architekten-2025\/","og_site_name":"Ma\u0142kowski - Martech","twitter_card":"summary_large_image","schema":{"@context":"https:\/\/schema.org","@graph":[{"@type":"WebPage","@id":"https:\/\/www.malkowski.pl\/de\/aktualitaten\/sicherheit-in-der-planung-d-h-abende-mit-architekten-2025\/","url":"https:\/\/www.malkowski.pl\/de\/aktualitaten\/sicherheit-in-der-planung-d-h-abende-mit-architekten-2025\/","name":"Sicherheit in der Planung, d.h. Abende mit Architekten 2025! - Ma\u0142kowski - Martech","isPartOf":{"@id":"https:\/\/www.malkowski.pl\/#website"},"datePublished":"2025-03-21T06:47:03+00:00","dateModified":"2025-03-21T06:47:03+00:00","breadcrumb":{"@id":"https:\/\/www.malkowski.pl\/de\/aktualitaten\/sicherheit-in-der-planung-d-h-abende-mit-architekten-2025\/#breadcrumb"},"inLanguage":"de","potentialAction":[{"@type":"ReadAction","target":["https:\/\/www.malkowski.pl\/de\/aktualitaten\/sicherheit-in-der-planung-d-h-abende-mit-architekten-2025\/"]}]},{"@type":"BreadcrumbList","@id":"https:\/\/www.malkowski.pl\/de\/aktualitaten\/sicherheit-in-der-planung-d-h-abende-mit-architekten-2025\/#breadcrumb","itemListElement":[{"@type":"ListItem","position":1,"name":"Strona g\u0142\u00f3wna","item":"https:\/\/www.malkowski.pl\/de\/"},{"@type":"ListItem","position":2,"name":"Aktualno\u015bci","item":"https:\/\/www.malkowski.pl\/aktualnosci\/"},{"@type":"ListItem","position":3,"name":"Sicherheit in der Planung, d.h. Abende mit Architekten 2025!"}]},{"@type":"WebSite","@id":"https:\/\/www.malkowski.pl\/#website","url":"https:\/\/www.malkowski.pl\/","name":"Ma\u0142kowski - Martech","description":"MM jest producentem bram przeciwpo\u017carowych, stanowi\u0105cych g\u0142\u00f3wny pasywny element zabezpiecze\u0144 przeciwpo\u017carowych w wielu budynkach u\u017cyteczno\u015bci publicznej i wielkogabarytowych.","potentialAction":[{"@type":"SearchAction","target":{"@type":"EntryPoint","urlTemplate":"https:\/\/www.malkowski.pl\/?s={search_term_string}"},"query-input":"required name=search_term_string"}],"inLanguage":"de"}]}},"_links":{"self":[{"href":"https:\/\/www.malkowski.pl\/de\/wp-json\/wp\/v2\/aktualnosci\/9948"}],"collection":[{"href":"https:\/\/www.malkowski.pl\/de\/wp-json\/wp\/v2\/aktualnosci"}],"about":[{"href":"https:\/\/www.malkowski.pl\/de\/wp-json\/wp\/v2\/types\/aktualnosci"}],"wp:attachment":[{"href":"https:\/\/www.malkowski.pl\/de\/wp-json\/wp\/v2\/media?parent=9948"}],"curies":[{"name":"wp","href":"https:\/\/api.w.org\/{rel}","templated":true}]}}

<!-- This site is optimized with the Yoast SEO plugin v21.7 - https://yoast.com/wordpress/plugins/seo/ -->
<title>Sicherheit in der Planung, d.h. Abende mit Architekten 2025! - Małkowski - Martech</title>
<meta name="robots" content="index, follow, max-snippet:-1, max-image-preview:large, max-video-preview:-1" />
<link rel="canonical" href="https://www.malkowski.pl/de/aktualitaten/sicherheit-in-der-planung-d-h-abende-mit-architekten-2025/" />
<meta property="og:locale" content="de_DE" />
<meta property="og:type" content="article" />
<meta property="og:title" content="Sicherheit in der Planung, d.h. Abende mit Architekten 2025! - Małkowski - Martech" />
<meta property="og:url" content="https://www.malkowski.pl/de/aktualitaten/sicherheit-in-der-planung-d-h-abende-mit-architekten-2025/" />
<meta property="og:site_name" content="Małkowski - Martech" />
<meta name="twitter:card" content="summary_large_image" />
<script type="application/ld+json" class="yoast-schema-graph">{"@context":"https://schema.org","@graph":[{"@type":"WebPage","@id":"https://www.malkowski.pl/de/aktualitaten/sicherheit-in-der-planung-d-h-abende-mit-architekten-2025/","url":"https://www.malkowski.pl/de/aktualitaten/sicherheit-in-der-planung-d-h-abende-mit-architekten-2025/","name":"Sicherheit in der Planung, d.h. Abende mit Architekten 2025! - Małkowski - Martech","isPartOf":{"@id":"https://www.malkowski.pl/#website"},"datePublished":"2025-03-21T06:47:03+00:00","dateModified":"2025-03-21T06:47:03+00:00","breadcrumb":{"@id":"https://www.malkowski.pl/de/aktualitaten/sicherheit-in-der-planung-d-h-abende-mit-architekten-2025/#breadcrumb"},"inLanguage":"de","potentialAction":[{"@type":"ReadAction","target":["https://www.malkowski.pl/de/aktualitaten/sicherheit-in-der-planung-d-h-abende-mit-architekten-2025/"]}]},{"@type":"BreadcrumbList","@id":"https://www.malkowski.pl/de/aktualitaten/sicherheit-in-der-planung-d-h-abende-mit-architekten-2025/#breadcrumb","itemListElement":[{"@type":"ListItem","position":1,"name":"Strona główna","item":"https://www.malkowski.pl/de/"},{"@type":"ListItem","position":2,"name":"Aktualności","item":"https://www.malkowski.pl/aktualnosci/"},{"@type":"ListItem","position":3,"name":"Sicherheit in der Planung, d.h. Abende mit Architekten 2025!"}]},{"@type":"WebSite","@id":"https://www.malkowski.pl/#website","url":"https://www.malkowski.pl/","name":"Małkowski - Martech","description":"MM jest producentem bram przeciwpożarowych, stanowiących główny pasywny element zabezpieczeń przeciwpożarowych w wielu budynkach użyteczności publicznej i wielkogabarytowych.","potentialAction":[{"@type":"SearchAction","target":{"@type":"EntryPoint","urlTemplate":"https://www.malkowski.pl/?s={search_term_string}"},"query-input":"required name=search_term_string"}],"inLanguage":"de"}]}</script>
<!-- / Yoast SEO plugin. -->

Sicherheit in der Planung, d.h. Abende mit Architekten 2025! - Małkowski - Martech

Małkowski - Martech

Strona główna

Aktualności

MM jest producentem bram przeciwpożarowych, stanowiących główny pasywny element zabezpieczeń przeciwpożarowych w wielu budynkach użyteczności publicznej i wielkogabarytowych.
